e (2/6)/((-6)/(-72)). What is y(t)?
-1
Let a(m) = 11 - 16 + 3*m + 0*m - 4*m + 2. Let b(p) = -p**3 - 3*p**2 + 3. Let j be b(-3). Suppose 8*w = j*w. Give a(w).
-3
Suppose z - 53 - 67 = 0. Suppose 12*s = 5*s + 42. Let a be ((-4)/s)/((-16)/z). Let p(l) = -l**2 + 6*l + 2. Determine p(a).
7
Let i(f) be the second derivative of 0*f**5 - 7/120*f**6 + 0 + 31*f + 1/24*f**4 + 0*f**3 - 9*f**2. Let m(o) be the first derivative of i(o). Determine m(-1).
6
Suppose m = c - 65, -3*m + 5*c + 53 = -4*m. Let u = -69 - m. Let i(v) be the third derivative of v**6/120 + v**5/10 + v**4/24 + v**3 + 2*v**2. Determine i(u).
0
Let d(l) be the second derivative of l**4/12 + 11*l**3/6 + 9*l**2/2 + 705*l. What is d(-5)?
-21
Let h(v) = -1325 - 1326 - v**2 - v + 9*v + 2675. Determine h(13).
-41
Let p(u) = -4 - 14 - 3*u**2 + 9 + 8. Let f(c) be the second derivative of -c**5/20 + c**4/2 + c**3 + 4*c**2 + 3*c. Let w be f(7). Determine p(w).
-4
Let g = 22 - 17. Suppose -3*a = -g*n - 13, 3*n = 2*a - 0*n - 9. Suppose -z + 8 = 2*j, -j - 3*z = -a*j + 20. Let t(f) = f**2 - 6*f + 2. Calculate t(j).
-6
Let u be -1 + (-3)/(-15) + 38/10. Suppose -u*x + 9*x = 24. Suppose -x*n = -7*n. Let a(c) = -c**2 + 11. Give a(n).
11
Suppose 2574 = -30*h + 3534. Let z(k) be the second derivative of -1/20*k**5 + 0*k**4 + 0*k**3 - 3*k**2 + h*k + 0. Calculate z(0).
-6
Suppose i + 36 = 5*s, 5*i + 26 = 2*s + s. Let u(n) = -11*n + 14. Let l(r) = -20*r + 28. Let y(d) = -l(d) + 2*u(d). Calculate y(s).
-14
Suppose 0 = 12*u - 35 - 13. Let h(q) = -q**3 + q**2 + 1. Let x(t) = 5*t**3 + 5*t**2 - 9*t + 1. Let f(d) = u*h(d) + x(d). Determine f(-10).
-5
Suppose -6*t + 406 + 5570 = 0. Let m = -993 + t. Let w(a) = 3*a - 10. What is w(m)?
-1
Let h(w) = w**3 - 9*w**2 + 8*w. Let y = 3469 - 3461. Calculate h(y).
0
Let a(k) = k**3 - 10*k**2 + 25*k - 3. Let j be a(6). Let w(v) = -1 + v**j - v - 5*v**3 + 1 + 3*v**3. Let y = 0 + -1. Give w(y).
2
Let j(u) be the first derivative of 35*u**2/2 + u + 462. Give j(-2).
-69
Suppose 5*n = -i + 10, -7 = -i - 12. Let v(g) = 68*g - 66*g + n*g**2 + 10*g**2 + 1. Give v(-1).
12
Let b(p) = 2*p**2 + 3*p. Suppose -5*c + 0 - 18 = -3*k, 0 = -2*k - c + 25. Suppose -n = -k*n - 20. What is b(n)?
2
Let s(n) = -n + 16. Let c be ((7 - 7)/4)/(-1*3). Suppose 6*a + 5*p = 4*a + 18, -a + p + 23 = c. Let g = 30 - a. What is s(g)?
5
Let c(b) = -6*b**2 + 5*b - 529. Let k(t) = 5*t**2 - 4*t + 464. Let l(v) = 6*c(v) + 7*k(v). Determine l(10).
-6
Suppose -q = -4*q + 6. Let n(g) = -q*g - 2 + 4 - 3. Let m(a) = -260*a + 10921. Let p be m(42). Give n(p).
-3
Let x be 1/3*0/139. Let u(c) = -c**2 - 4*c + 3. Determine u(x).
3
Let g = -111 + 207. Let w = -146 + 49. Let f = w + g. Let b(q) = -q**3 - q**2 + 1. Determine b(f).
1
Let f be ((-10)/(-15))/(-2) + 323/51. Let i(c) = c**2 - 4*c - 10. What is i(f)?
2
Suppose 7 = -4*x - 9. Suppose -17*s + 39 = -12. Let z(n) = n**3 - 5*n**2 - 2*n**3 + s + 2. Give z(x).
-11
Let m(c) = c**3 + 5*c**2 - c - 1. Let o be (1 + -11)*3/2. Let d = o + 18. Suppose u + 20 = -3*h, -d*h + u = h + 15. Calculate m(h).
4
Let z(a) = 7*a**2 - 5*a + 103. Let h(q) = -15*q**2 + 8*q - 209. Let b(x) = 6*h(x) + 13*z(x). Let d be b(10). Let g(f) = f**2 - 16*f + 4. Give g(d).
-11
Let w(x) = -37*x**2 - 3 + 78*x**2 - 39*x**2 + 1. Give w(2).
6
Let a be 4 + (-1)/((-1)/(-53)). Let w = a - -44. Let v(k) be the first derivative of -k**3/3 - 2*k**2 + 6*k + 1. Give v(w).
1
Suppose -3*t + 13 = g, -3975*g - 14 = -2*t - 3973*g. Let i(n) = -n**2 - 2 + 8*n - 4 - n. What is i(t)?
4
Let s(i) = i + 1565 + 1570 - 3143. Calculate s(1).
-7
Suppose -6*j - 65 = -4*j + 13*n, 0 = -3*n - 15. Let x(c) be the third derivative of c**6/120 + c**5/60 - c**4/24 + 5*c**3/3 + 7*c**2. Give x(j).
10
Let r(y) = -2*y**3 + 138*y**2 + 3*y - 203. Let p be r(69). Let o(w) be the third derivative of -1/6*w**p + 0*w + 0 + 46*w**2 + 1/6*w**3. What is o(-2)?
9
Let o = 36 + -41. Let t(r) be the third derivative of r**4/24 - 5*r**3/6 - 127*r**2. Determine t(o).
-10
Let g(r) = -20*r**2 + r. Let w(u) = -4 + 4*u - 36 - 63. Let p be w(26). Determine g(p).
-19
Let m(d) = -3*d - 11. Let u(s) be the third derivative of s**4/24 + s**3/2 - 13*s**2. Let r be -8 - (1 + -8 + 1). Let x(b) = r*m(b) - 9*u(b). What is x(-8)?
19
Let a be -12*((1 - -1) + (-3)/2). Let s(b) = b - 62 + 43 + 33. Calculate s(a).
8
Suppose -5*c - 24 = 2*w, 5*w + 30 = c - 6*c. Let h(r) = -43 + 9*r**3 - 45 - r - 39 - 10*r**3 + 132 - 4*r**2. Determine h(c).
9
Let q(y) = 0*y**2 - 4 - 6*y + 5*y - 20*y + y**2 + 18*y. Give q(-2).
6
Let q(s) = -s**3 - 9*s**2 + 10*s - 4. Suppose -w + 10 = 4*w. Let r be 25/(-2)*w/30*12. Give q(r).
-4
Let l(c) = c**3 - 4*c**2 - 2*c + 8. Let j = 5020 + -5015. Determine l(j).
23
Let y(z) = 7*z**2 + 3. Let u be 26/12 - 595/(-714). What is y(u)?
66
Let d(t) be the second derivative of -1/20*t**5 + 26 - 1/3*t**3 + 3/2*t**2 - 1/6*t**4 + t. What is d(-3)?
18
Suppose -2*r + 7 = -z, z - 1 - 13 = -5*r. Suppose 35 = -r*f + 8*f. Let c(s) = s**2 - 11*s + 10. Give c(f).
-18
Let i(o) = o**3 - 6*o**2 + o + 6. Let t(c) be the third derivative of -37*c**4/12 - 23*c**3/2 + 161*c**2. Let y be t(-1). Give i(y).
-14
Suppose 45 = -v - 3*u, 3*v = -44*u + 46*u - 91. Let h(l) = l**3 + 34*l**2 + 32*l - 13. Calculate h(v).
20
Suppose 581 = 2*d + 5*s + 1864, 2*d = s - 1301. Let h = d - -648. Let f(m) = 0 - 2*m + 5*m**3 - 1 - m**3. What is f(h)?
-3
Let y(u) = u**2 - 7*u + 8. Suppose 5*w - 16 = -4*c, -4*w + 26 = 4*c + 10. Let p be 13 + (-4*6)/c. What is y(p)?
8
Let i(m) be the first derivative of -m**6/360 - m**4/12 - 26*m**3 - 40. Let j(l) be the third derivative of i(l). What is j(3)?
-11
Let c(n) = -3*n + 34. Let w(p) = 8*p - 96. Let l(x) = 11*c(x) + 4*w(x). Determine l(3).
-13
Let o(k) be the third derivative of k**7/840 - k**6/720 - k**5/30 - 151*k**4/24 + 2*k**2 - 37. Let z(y) be the second derivative of o(y). Determine z(2).
6
Let i = 150375 + -150366. Let w(y) = 8 - 3 - 4*y + 0. Determine w(i).
-31
Let x(w) = 8*w**2 + 47*w + 13. Let t(v) = -23*v**2 - 128*v - 38. Let i(d) = 3*t(d) + 8*x(d). Give i(-5).
-95
Let k = 1275 + -900. Suppose 5*t - 20 = 0, -2 + 38 = 5*w - t. Let a(x) = k*x - 189*x - 187*x + w. Give a(0).
8
Let r(t) be the first derivative of -4*t**2 - 47*t - 44. Let f be r(-14). Suppose -43 - f = 12*l. Let i(c) = -c**3 - 10*c**2 - 8*c + 10. Determine i(l).
1
Suppose 54 = 5*u + 101 - 77. Let t(c) = -c**2 - 7*c + 67. Calculate t(u).
-11
Let n(f) be the second derivative of -f**3/3 + 8*f**2 - 1763*f. Determine n(7).
2
Let v(q) = -3*q**2 + 9*q - 16. Let w(o) = -o**2 + o + 1. Let r(i) = v(i) - 4*w(i). Give r(-6).
-14
Let g = 12498 - 12495. Let f(s) = -23*s - 2. Calculate f(g).
-71
Let u(x) = 150*x**3 + x**2 + x. Let n be (4/((-290)/30 + 11))/(-3). Determine u(n).
-150
Let j(r) = r**2 + r + 7. Let m(d) = 5*d**2 + 13*d + 42. Let v(x) = 6*j(x) - m(x). Let p be 35/14*(-6)/(-5). Let s be 4 - p/(-6)*2. What is v(s)?
-10
Let s(r) = 2*r - 60. Suppose -1080 = 170*l - 206*l. What is s(l)?
0
Let y(w) = -17 - 20 - w**2 - 10*w - 14 + 69 - 11 - 12. Let t be (20/(-6))/((-3)/(-9)). What is y(t)?
-5
Let z(u) = -2*u + 1. Suppose -5*m - 27 = -2. Let w(n) = -n + 1. Let x be (-8)/(280/(-273)) + (-7)/(-35). Let p(s) = m*z(s) + x*w(s). What is p(-6)?
-9
Let i(u) be the first derivative of -u**3/3 + 3*u**2/2 + 9*u - 63. Suppose -4 + 1 = p, -19 = -4*h - 3*p. Calculate i(h).
-19
Let a(k) be the second derivative of -k**3/2 + 10*k**2 - 206*k + 4. Calculate a(4).
8
Let x(a) = 7 - 171*a - 13643*a**3 + 13646*a**3 + 167*a - 3*a**2. What is x(3)?
49
Let d = -59 + 71. Suppose 2*s + u - d = -0*u, -s + u = 0. Let j(m) = 3 + s*m + 10*m - m**2 - 15*m. Calculate j(0).
3
Let h(c) = 0 - 1 + 1 + 19*c. Let b = -953 - -952. Give h(b).
-19
Let y be 10/(-1)*(-12)/24. Suppose y*r - 81 = -4*r. Let n be (12/r)/((-4)/18). Let h(g) = -g**3 - 6*g**2 - 4. Give h(n).
-4
Let n(w) be the third derivative of -13*w**4/24 - w**3/3 - 15*w**2 - 40. What is n(-2)?
24
Let r(i) = -710*i - 690*i + 1383*i - 2*i**2 + 19. Determine r(-8).
27
Let r = 8 + -6. Let p = -645 + 645. Suppose -5*s + 11 = -3*v + r*v, p = -5*s - v + 19. Let o(m) = -m**3 + 2*m**2 + 3*m - 1. What is o(s)?
-1
Let y(u) = -u**3 + 3*u**2 + 2*u - 7. Let l be (8/(-40))/(4/(-20))*-3. Let k(o) = 8*o + 27. Let g be k(l). Give y(g).
-1
Let i be (5/25)/(2/(-10))*1. Let m(l) = 20*l**3 - 3*l**2 - 3*